79
Let p(g) = 2*g**3 - g**2 + 5*g + 5. What is p(-2)?
-25
Let r(z) = 17*z + 11. Give r(1).
28
Let t(q) = q**2 - 27*q + 89. Give t(23).
-3
Let j(s) = -2*s**2 - 2*s - 2. Calculate j(-3).
-14
Let d(z) = z**2 - 3*z - 18. Calculate d(5).
-8
Let d(s) = -3*s - 52. What is d(-16)?
-4
Let i(z) = -7*z + 98. What is i(18)?
-28
Let d(t) = t**2 - 2*t - 48. What is d(7)?
-13
Let x(a) = a**3 - 9*a**2 + 7*a - 11. Determine x(4).
-63
Let x(h) = -h**3 - h**2 + 4*h - 1. What is x(-4)?
31
Let q(y) = -52*y + 82. What is q(2)?
-22
Let c(o) = o**3 - 9*o**2 + 10. What is c(9)?
10
Let k(g) = -12*g + 136. Give k(12).
-8
Let d(i) = 9*i + 64. Calculate d(7).
127
Let v(y) = -19*y + 16. Calculate v(-3).
73
Let z(y) = -y**2 - 15*y + 41. What is z(-18)?
-13
Let w(g) = -g**2 + 9*g - 7. What is w(7)?
7
Let j(p) = -p + 16. Determine j(9).
7
Let j(n) = n**3 + 9*n**2 - 12*n - 15. What is j(-10)?
5
Let r(i) = i**2 + 21*i - 2. Give r(-22).
20
Let q(k) = -k**2 - 7*k - 3. What is q(-5)?
7
Let b(o) = -o**2 + 5*o - 8. Determine b(5).
-8
Let l(f) = 4*f**2 - 25*f - 8. What is l(7)?
13
Let n(u) = 26*u - 2. Calculate n(6).
154
Let f(p) = p**3 - 3*p**2 - 27*p - 28. What is f(7)?
-21
Let y(k) = -44*k + 11. What is y(1)?
-33
Let t(s) = s**3 - 16*s**2 - 20*s - 9. Calculate t(17).
-60
Let h(u) = -6*u + 69. What is h(17)?
-33
Let m(o) = -o**2 - 5*o + 33. Determine m(-7).
19
Let p(n) = n**2 - 40*n + 80. Determine p(38).
4
Let u(s) = 3*s + 24. Give u(-14).
-18
Let m(q) = q - 2. Determine m(6).
4
Let i(d) = d**3 + 7*d**2 + 3*d - 16. Determine i(-6).
2
Let i(r) = -2*r - 21. What is i(-4)?
-13
Let a(c) = c**2 - 11*c + 9. Calculate a(10).
-1
Let i(n) = 7*n**3 - n**2 - 2*n + 3. Give i(1).
7
Let v(g) = -15*g - 44. Give v(-5).
31
Let c(u) = 2*u**2 - 9*u + 5. Determine c(4).
1
Let s(t) = t**2 + 4*t - 11. Give s(-5).
-6
Let i(u) = -u**3 + 10*u**2 + 25*u. Give i(12).
12
Let f(t) = t**2 - 9*t - 10. Calculate f(12).
26
Let l(a) = -a**3 - 8*a**2 - 7*a + 8. What is l(-7)?
8
Let j(b) = -7*b + 9. Give j(4).
-19
Let v(o) = -4*o - 2. What is v(4)?
-18
Let u(a) = 8*a + 135. Determine u(-16).
7
Let h(v) = v**3 + 11*v**2 + 4*v - 8. What is h(-9)?
118
Let i(z) = z**2 + 20*z + 14. Give i(-14).
-70
Let z(f) = -9*f**3 - 2*f**2 + f. Determine z(1).
-10
Let b(u) = u + 2. What is b(5)?
7
Let y(u) = -10*u - 10. Determine y(-3).
20
Let i(s) = -s**2 - 10*s - 12. What is i(-6)?
12
Let q(y) = y**3 - 4*y**2 - 12*y + 7. Calculate q(5).
-28
Let i(v) = 5*v - 85. Determine i(12).
-25
Let s(z) = -z**2 - 3*z + 8. Give s(3).
-10
Let l(f) = f**3 - 31*f**2 - 36*f + 119. Give l(32).
-9
Let p(f) = 3*f - 14. What is p(5)?
1
Let n(j) = -3*j + 3. What is n(-9)?
30
Let s(n) = n. Give s(6).
6
Let x(s) = s**3 + 10*s**2 + 13*s + 9. Calculate x(-8).
33
Let t(y) = -2*y**2 + 11*y + 247. What is t(14)?
9
Let z(t) = t**2 + 6*t - 10. Give z(-8).
6
Let p(m) = 5*m**2 - 10*m + 21. What is p(5)?
96
Let t(i) = -17*i**3 - i**2 - 1. Determine t(1).
-19
Let z(k) = -16*k + 123. Calculate z(8).
-5
Let t(q) = -q**3 - 5*q**2 + 3*q + 1. Calculate t(-3).
-26
Let j(f) = 14*f - 16. Calculate j(1).
-2
Let v(r) = 2*r**3 + 43*r**2 - 21*r + 20. Determine v(-22).
-2
Let p(f) = f**3 - 4*f**2 + 2*f - 7. What is p(5)?
28
Let w(o) = 9*o**2 - o + 2. Give w(4).
142
Let y(v) = 2*v**2 + 34*v + 61. Calculate y(-15).
1
Let w(a) = -6*a + 13. What is w(0)?
13
Let j(x) = -2*x**2 - x - 38. Determine j(6).
-116
Let u(d) = -d**3 + 8*d**2 + 11*d - 5. What is u(9)?
13
Let l(q) = -q**2 + 6*q + 426. What is l(24)?
-6
Let h(o) = 7*o + 5. What is h(3)?
26
Let a(u) = u**2 - 9*u + 2. Calculate a(7).
-12
Let w(z) = z**2 - 6. What is w(5)?
19
Let c(r) = -r**2 + 38*r - 64. Calculate c(34).
72
Let y(t) = -7*t + 7. What is y(5)?
-28
Let a(n) = -2*n**2 + 9*n + 6. Calculate a(6).
-12
Let q(z) = -z**2 - 23*z + 68. Calculate q(-26).
-10
Let c(v) = v**2 - 10*v - 48. Give c(13).
-9
Let z(y) = -y**3 - 7*y**2 + y + 2. Give z(-7).
-5
Let z(f) = -f**2 - 13*f - 4. Determine z(-13).
-4
Let b(j) = -j**3 - 30*j**2 - 13*j - 380. Calculate b(-30).
10
Let r(s) = -3*s**2 + 10*s - 3. What is r(3)?
0
Let y(f) = f**2 + 25*f - 315. Give y(9).
-9
Let c(n) = -346*n - 2773. What is c(-8)?
-5
Let a(u) = -15*u - 286. What is a(-18)?
-16
Let w(g) = g**3 - 7*g**2 - 4*g + 22. Give w(2).
-6
Let a(f) = -3*f + 103. Give a(17).
52
Let z(d) = -4*d**2 - 22*d + 14. Calculate z(-6).
2
Let j(z) = z**3 - 7*z**2 + 7*z - 8. Give j(4).
-28
Let y(q) = -q**3 + 8*q**2 + 12*q + 8. Calculate y(-4).
152
Let o(g) = g**3 - 13*g**2 - 13. Give o(13).
-13
Let r(o) = o - 10. Give r(15).
5
Let k(d) = d**3 + 8*d**2 - 7*d + 13. Determine k(-9).
-5
Let s(b) = -4*b**2 - 4*b + 5. What is s(1)?
-3
Let d(w) = -54*w - 7. What is d(-1)?
47
Let f(q) = q - 1. Calculate f(3).
2
Let y(g) = g**3 - 11*g**2 - 8*g + 25. Determine y(9).
-209
Let x(v) = v + 7. What is x(0)?
7
Let b(s) = s**3 + 11*s**2 + s + 10. Determine b(-11).
-1
Let u(f) = -f**2 + 10*f - 3. Calculate u(12).
-27
Let o(v) = -6*v - 374. Determine o(-63).
4
Let p(u) = u**2 + u - 2. Calculate p(-4).
10
Let w(d) = -3*d - 1. Calculate w(0).
-1
Let f(t) = t**3 + 8*t**2 + 3*t - 29. What is f(-7)?
-1
Let l(c) = -4*c - 35. What is l(-8)?
-3
Let u(t) = -t**3 + 8*t**2 - 13*t - 1. Calculate u(3).
5
Let p(v) = -4*v**3 - 8*v**2 + v. Calculate p(-1).
-5
Let c(k) = -k**3 + 7*k**2 - 5*k - 10. Determine c(7).
-45
Let a(k) = -k**3 + 8*k**2 - 5*k + 10. What is a(7)?
24
Let q(g) = -g**2 - 8*g - 2. Give q(-7).
5
Let o(t) = -69*t + 475. Determine o(7).
-8
Let g(u) = u**2 + 6*u - 1. Give g(-6).
-1
Let v(i) = -i**2 + 26*i - 78. Give v(18).
66
Let s(h) = 3*h**2 - 40*h + 10. Determine s(13).
-3
Let r(c) = c**2 - 6*c + 2. Calculate r(5).
-3
Let t(z) = z**3 + 19*z**2 - z - 15. Calculate t(-19).
4
Let a(w) = 5*w**2 + 2*w - 7. What is a(2)?
17
Let q(r) = r**2 - 3*r - 1. Calculate q(5).
9
Let t(y) = y**3 - 5*y**2 + 3*y - 4. Determine t(3).
-13
Let v(p) = 4*p**2 + 18*p - 12. What is v(-5)?
-2
Let y(d) = 2*d. Give y(3).
6
Let z(i) = -64*i - 2. Give z(-1).
62
Let c(f) = -2*f + 7. Give c(4).
-1
Let g(c) = 9*c**2 + c + 1. What is g(-1)?
9
Let i(c) = -c**2 - 3. Give i(7).
-52
Let h(q) = -q**3 - 4*q**2 - 2*q - 3. Determine h(-2).
-7
Let b(s) = 34*s + 51. Give b(-3).
-51
Let x(s) = -s**3 - 6*s**2 - 2*s - 9. What is x(-6)?
3
Let a(z) = -2*z**3 + z**2 - z - 1. Determine a(-1).
3
Let b(m) = m**2 - 8*m + 23. Determine b(5).
8
Let o(r) = r**2 + 18*r - 67. Give o(-21).
-4
Let h(v) = -v**3 - 11*v**2 + 10*v - 21. Determine h(-12).
3
Let z(s) = s - 19. Determine z(12).
-7
Let c(x) = -3*x + 11. What is c(-7)?
32
Let t(a) = 2*a**2 - 51*a + 78. What is t(24)?
6
Let o(h) = -h**3 - 8*h**2 - 2*h - 6. Calculate o(-8).
10
Let u(s) = s + 8. Determine u(7).
15
Let n(b) = -92*b - 374. Determine n(-4).
-6
Let v(q) = 25*q - 43. Determine v(2).
7
Let t(g) = -g**3 + 20*g**2 - 12*g - 5. Determine t(19).
128
Let a(o) = o**2 + 38*o - 261. Determine a(-44).
3
Let o(a) = -a**2 - 4*a + 12. What is o(-6)?
0
Let c(w) = 3*w - 1. Determine c(2).
5
Let h(c) = c**2 + 5*c - 16. Calculate h(-8).
8
Let m(y) = y**3 - 9*y**2 + 17*y - 7. Give m(7).
14
Let y(d) = -6*d + 104. What is y(22)?
-28
Let d(m) = -2*m - 24. Give d(-6).
-12
Let w(r) = 13*r + 72. Determine w(-6).
-6
Let p(u) = 3*u**2 - 59*u - 8. What is p(20)?
12
Let x(f) = f + 65. What is x(0)?
65
Let s(g) = -g**2 - 4*g + 19. Give s(3).
-2
Let z(g) = -4*g - 29. Determine z(-12).
19
Let t(g) = g**3 - 9*g**2 - 10*g - 9. Give t(10).
-9
Let s(f) = -f**3 - 8*f**2 + 9*f + 5. What is s(-9)?
5
Let p(j) = 55*j**3 + 2*j**2 + j + 1. What is p(-1)?
-53
Let c(j) = 5*j - 9. Calculate c(2).
1
Let m(z) = -3*z + 44. Determine m(9).
17
Let n(q) = -5*q**2 + 73*q - 13. Calculate n(13).
91
Let m(u) = -50*u - 10. Determine m(-2).
90
Let s(j) = -51*j**2 - 3*j - 2. Determine s(-1).
-50
Let c(t) = -2*t**2 + 72*t - 83. Determine c(35).
-13
Let k(y) = y**2 + 17*y + 55. Give k(-12).
-5
Let o(i) = i**3 - 3*i**2 - 2*i - 3. Give o(-3).
-51
Let i(m) = m**3 + 4*m**2 - 8*m + 7. Give i(2).
15
Let v(p) = p**2 + 26*p + 39. Calculate v(-24).
-9
Let g(w) = 6*w. Determine g(2).
12
Let f(z) = -6*z**2 - z + 2. What is f(1)?
-5
Let s(d) = -d**2 - 5*d + 12. What is s(5)?
-38
Let y(k) = 2*k**2 + 7*k - 10. What is y(-9)?
89
Let a(i) = -i**2 + 9*i - 10. Give a(8).
-2
Let d(s) = -s**2 + 24*s + 21. Determine d(24).
21
Let o(d) = -d**3 + 33*d**2 - 89*d - 32. What is o(30)?
-2
L